Determine c(y).
8
Let u(i) = 6*i**2 - 2*i + 1. Let a(v) = -v**2 - 9*v - 1. Let w be a(-9). Let z be -2*5*w/2. Suppose -3*r - 3*o + 18 = 0, -5*r + 3*o - 15 = -z. What is u(r)?
5
Let c(w) be the first derivative of -3*w**2/2 - 4*w - 10. Give c(-7).
17
Let l(k) = 5*k - 7. Let f(a) be the first derivative of -3*a**2 + 8*a + 2. Let q be (-2 + 1 - -2) + -5. Let i(m) = q*l(m) - 3*f(m). What is i(5)?
-6
Let u = -4 + 7. Let c(y) = 5*y**3 + y**2 - 2*y. Let d(s) = -4*s**3 + 2*s - 1. Let g(j) = 3*c(j) + 4*d(j). Give g(u).
2
Let g(p) = p**3 + 4*p**2 - 7*p - 4. Let x = -8 + 8. Suppose q + 2*q + 15 = x. Give g(q).
6
Let f(j) = -j**3 + 2*j - 1. Suppose 0 = d + 4*d. Suppose -3*r - 9 = d, r + 0*r = 2*i - 5. Give f(i).
0
Let v = -24 + 25. Let a(g) = -7*g**3 - g**2 + 1. Calculate a(v).
-7
Suppose 0 = -4*m - 2*r - 90 + 12, -4*r - 20 = 0. Let u = 17 + m. Let h(q) = -q**2 - 2*q + q + 0*q - 1. Calculate h(u).
-1
Let n(u) = u**2 + 1. Let g be n(2). Let v = g + 13. Let d be 2*3*(-12)/v. Let o(q) = -q**2 - 6*q - 5. Calculate o(d).
3
Let f(u) = -6 - 2*u + 0 + 6 - 3. Calculate f(5).
-13
Let s(y) = y + 1. Suppose 3*w = 4 + 8. Suppose -6 = b - w*b. Let v be (b - 2)/3 + 5. Calculate s(v).
6
Suppose 5*f - 13 = -g, 2*f - g + 6*g - 19 = 0. Let q(c) = 0*c**2 - c**3 + c - 4*c**f - c**2 + 0*c**2 + 5. What is q(-5)?
0
Let z be (40/(-2))/(-2)*(-9)/18. Let v(f) be the second derivative of -f**5/20 - 5*f**4/12 - f**3/2 + f**2/2 - f. What is v(z)?
16
Let i(v) = v**3 - 6*v**2 + 4*v - 6. Let m(d) = d**3 - 4*d**2 - 4*d**2 - 6*d + 10 + 4*d**2. Let z be m(5). Determine i(z).
-11
Let b(d) = -3*d**2 + 6 + 14*d - d**3 - 26*d + 16*d. Give b(-4).
6
Let o(f) = f**3 + 3*f**2 + f - 1. Suppose 4*c = 7*c + 6. Give o(c).
1
Suppose 3 + 0 = -3*c. Let s(w) = -4*w**3 - w**2 + w + 1. Calculate s(c).
3
Let a(z) = -z**2 + 2*z - 1. Let i be (-4)/3 - 224/(-42). Give a(i).
-9
Let u be -3*(-3)/(27/(-12)). Let j(q) = q**2 + q - 7. Let o(l) = 1. Let p(m) = j(m) + 6*o(m). Determine p(u).
11
Let z(l) = 7*l**3 + 2*l**2 - 1. Suppose 2*k - 4 = -2*k. Let v be (-1 + 0)*(0 + k). Determine z(v).
-6
Let v(r) = -5 - r + 4 - r**2 - 15 + 0. What is v(0)?
-16
Let j be 3/((-1)/((-8)/(-6))). Let b(k) = -k**2 + 6*k - 2. Let n be b(5). Let z(r) = 3 - 4*r**2 - n*r**3 + 4*r + 2*r**3 + r**2. Determine z(j).
3
Let d(c) = -c**2 - 6*c - 3. Let j be d(-5). Suppose 3*l - 18 = l - 5*t, j*t - 8 = -l. Suppose -l*a + 7 = -1. Let k(o) = 3*o - 3. Determine k(a).
3
Let v(t) be the second derivative of t**5/20 - 5*t**4/12 - 5*t**3/6 + t**2 - 3*t. What is v(6)?
8
Let i = -1 - -4. Suppose -a = i*a. Let p(w) = w**2 + w + 7. Give p(a).
7
Let q(d) = d**3 - d**2 - d + 1. Let a(y) = y - 2. Let b be (-3)/(2 + 3/(-6)). Let s(u) = 2*u**2 + 2*u. Let h be s(b). Let z be a(h). Calculate q(z).
3
Let g(w) = w**3 - 10*w**2 + 9*w - 5. Let a be g(9). Let h be a/((-4)/8*2). Let m(k) = k + 2. Give m(h).
7
Let z(f) be the second derivative of f**5/60 + f**4/6 + f**3/3 + f**2/2 + 2*f. Let j(g) be the first derivative of z(g). Let x = 29 + -31. Give j(x).
-2
Let i(f) = 3*f + 1 - 7*f - 8*f. What is i(2)?
-23
Let w(t) be the third derivative of -t**6/40 - t**5/30 - t**4/12 - t**3/6 + 2*t**2. Suppose 1 = -4*o + 4*j - 3, 3*j + 1 = -o. Calculate w(o).
2
Let l(m) = m**2 - 3*m - 6. Let t be l(5). Let k(i) = 4*i + i - t*i - 3*i. Give k(-2).
4
Let y(f) be the third derivative of f**6/120 + 7*f**5/60 + f**4/6 - f**3/3 + 32*f**2. Give y(-6).
10
Let n be (2/(-5))/(6/(-900)). Suppose 3*p - n = -p. Let k = 10 - p. Let l(y) = y**2 + 3*y. Give l(k).
10
Suppose u + f - 2 = -3, -f - 5 = 3*u. Let y be (4 - 4)/(4/u). Let d be (y - -1) + (7 - 4). Let c(p) = p**3 - 4*p**2 - p - 2. What is c(d)?
-6
Suppose 3*w = -5*x + 2*x - 6, 0 = 3*w - 5*x + 14. Let a be (4/w)/(1/(-3)). Let o(b) = b - 3 - 21 + 26. Determine o(a).
6
Let i(t) be the third derivative of 0 - 1/60*t**5 + 0*t - 1/6*t**4 - 1/6*t**3 - 6*t**2. Calculate i(-4).
-1
Suppose z + 4 - 6 = 0. Suppose -4*w = -z*d - 2, w - 2*w + 23 = 4*d. Let m(b) = -4*b + 3. Calculate m(w).
-9
Let d(t) be the third derivative of t**6/120 - t**5/15 - t**4/24 - 10*t**2. Give d(4).
-4
Let m(a) = -55*a. Let i(x) = 5*x. Let u(k) = 45*i(k) + 4*m(k). Let p be 10/(-25)*-5*1. Determine u(p).
10
Let t(w) = -w**2 + 2 + 2*w**2 + 4 - 5. Suppose -2*l - 1 = -3*v, -6*v + l = -v + 3. Calculate t(v).
2
Let w(y) = -6*y + y**2 + 10*y + 1 + 3 - 8*y. Let g = 0 + 3. Determine w(g).
1
Suppose 6*v = -0*v + 5*v. Let p(f) = f + 1. What is p(v)?
1
Let a(g) = g**3 - 4*g**2 - 2*g + 5. Let m(j) = 2*j - 4. Let b be m(4). What is a(b)?
-3
Let w(q) = -q**2 + 3. Let g be w(0). Let n(l) = -2*l**3 + 0*l**3 + 2*l + 3*l**g - 5*l**2 - 4. Calculate n(5).
6
Let m(l) be the third derivative of 0 - 1/3*l**3 - 1/24*l**4 - 1/60*l**5 + l**2 + 0*l + 1/120*l**6. Let w = 153 + -153. Calculate m(w).
-2
Let c(w) = 22 - 20 + 8*w**2 - 7*w**2 - 5*w. Give c(4).
-2
Let i = 245 + -248. Let l(f) = -2*f**2 + 3 + 0*f**2 + f**2. Calculate l(i).
-6
Let t(y) = -2*y - 1 + 4 - 3 + 2. What is t(3)?
-4
Suppose -4*r + 36 = 3*v, 0 = -4*r + r + 9. Let t(w) = -w + w + 0*w - v*w**3. Let x(m) = -m**3 + 2*m**2 + 2*m - 3. Let g be x(2). Determine t(g).
-8
Let c(q) be the first derivative of -q**3/3 - 3*q**2/2 + 3*q + 77. Let o = 2 + 0. What is c(o)?
-7
Let u(j) = j**3 - 14*j**2 - 16*j + 20. Let v = 99 - 84. Give u(v).
5
Let p(k) be the first derivative of -1/3*k**3 + 0*k + 0*k**2 + 3 - 1/120*k**5 - 1/12*k**4. Let f(g) be the third derivative of p(g). Determine f(-2).
0
Let p be 2/1 + (-1 - -2). Let q(r) = 5*r**2 + 23*r - 9. Let m(x) = 3*x**2 + 15*x - 6. Let b(v) = 8*m(v) - 5*q(v). What is b(p)?
3
Let a be 2*-2*(-1)/4. Let t be 2/(a*(-3)/(-3)). Let g(s) = -4*s + 1. Calculate g(t).
-7
Let z = 8 + -9. Let l be 21/6 + z/2. Suppose 0 = 3*m - 6*m - l. Let i(f) = 5*f**3 + 2*f**2 + f. What is i(m)?
-4
Suppose 7*x - 4*x = 9. Suppose 0 = x*h + h. Let n(g) = -g + 8. Determine n(h).
8
Let g(h) = -h**2 - 4*h + 10. Suppose -9*v = -12*v - 21. Give g(v).
-11
Suppose l + 4*p = -10, 2*l + 4*p = -0*l - 16. Let w(a) = -a**2 - 5*a + 4. What is w(l)?
-2
Let x(i) be the third derivative of -i**4/12 - 2*i**3/3 + 2*i**2. Let s be (-420)/110 + (-4)/22. What is x(s)?
4
Let v(c) be the first derivative of 5*c**2 - c + 3. Let h(n) = n**2 - 5*n - 1. Let l be h(5). What is v(l)?
-11
Let n(p) = 9*p**3 - 9*p - 10. Let s(j) = 5*j**3 - 5*j - 5. Let o(u) = -4*n(u) + 7*s(u). Give o(0).
5
Let w(k) be the second derivative of -5*k**4/12 + k**2/2 + 19*k. Determine w(1).
-4
Let u(b) be the second derivative of b**4/12 - 2*b**2 + b. Let t be ((-2)/(-1) + -2)/1. Let k = 0 - t. Determine u(k).
-4
Let x(p) be the second derivative of 2/3*p**3 + 3*p + 1/360*p**6 + 5/24*p**4 + 0 + 7/120*p**5 + 0*p**2. Let j(q) be the second derivative of x(q). Give j(-5).
-5
Let w be (-1 - -7)*3/(-6). Let g(o) = -o**3 - 3*o**2 + 2 + 4*o - 4*o. What is g(w)?
2
Let y be 1/4 + 5/(-4). Let t(d) be the third derivative of -d**5/5 - d**4/24 - d**3/6 - 21*d**2. Determine t(y).
-12
Let a = 6 + -2. Let i(u) = 2*u**3 + 8*u**2 - 2*u + 3. Let h(c) = 3*c**3 + 9*c**2 - c + 2. Let v(o) = -3*h(o) + 4*i(o). Determine v(a).
2
Let f be 3 + (-4 - -3)/1. Let z(s) = -s + s**2 + 2*s**2 + f*s**2 + 0*s. Let l(g) = -g**3 - 2*g**2 - 1. Let a be l(-2). Calculate z(a).
6
Let j = -13 + 8. Let h(u) = u**2 + 5*u + 2. Determine h(j).
2
Suppose 4*h - 11 = -3. Let o(w) be the first derivative of -w - w**2 + h - 9*w**2 + 8*w**2. Calculate o(1).
-5
Let h(f) = f**2 - 4*f + 1. Let p be 32/(-24)*33/(-2). Suppose 2*l + 2*v - 12 = 0, -4*v + 9*v = -3*l + p. Calculate h(l).
1
Let c(v) = v**2 + 6*v + 7. Let f be c(-5). Let r(h) = 3*h**2 - 2*h + h**2 - 5*h**f - 2*h. Determine r(-5).
-5
Let s(x) = 3*x. Let i(b) = b - 4. Suppose -4*q = 16, -3*g + 4*g - 2*q = 15. Let y be i(g). Give s(y).
9
Let n(p) = 3*p**2 + 2*p + 9. Let i(t) = 7*t**2 + 2*t + 3. Let w(l) = -8*l**2 - 2*l - 2. Let m(y) = -6*i(y) - 5*w(y). Let o(a) = -5*m(a) - 4*n(a). Give o(3).
-8
Let m(b) = 5*b - 2. Let y(s) = 3*s - 1. Suppose -4*n + 5*p - 17 = 0, -3*p + 8 + 7 = 0. Suppose -3*k + 25 = n*k. Let c(g) = k*m(g) - 8*y(g). Calculate c(-4).
-6
Let l(h) be the first derivative of h**3/3 - h**2/2 - 4*h - 26. What is l(3)?
2
Let u(q) = q**3 + 9*q**2 - 11*q - 7. Let x be u(-10). Let n(f) = -4 + 5 + 2*f - 4*f + x*f. Give n(-3).
-2
Let b = -11 - -2. Let x = 10 + b. Let l(a) = -5*a**